/2*f**2. Let h be m(-2). Calculate the greatest common factor of h and 288.
32
Let l(u) = u**3 - 93*u**2 + 94*u - 166. Let o be l(92). Calculate the highest common factor of o and 1866.
6
Suppose o - 3*q - 13 = 15, 3 = o + 2*q. Let t(n) = 4*n**3 + 8*n**2 - 58*n + 6. Let s be t(5). What is the greatest common factor of o and s?
13
Let h be ((-35712)/(-465))/((9/60)/1). What is the highest common divisor of 704 and h?
64
Let a(m) = -9*m**2 + 81*m + 252. Let i be a(10). Calculate the greatest common factor of 192 and i.
6
Let r = 195 - 261. Let b = -65 - r. What is the highest common factor of b and 11?
1
Suppose -3*s + 790 = 2*s + 4*p, 0 = 4*p. Let m = -8124 - -8519. Calculate the highest common divisor of m and s.
79
Suppose -2*k + 6 = -5*k, 5*k = 5*q - 240. Let x be (64 - (-4)/2)*(-1955)/(-510). Calculate the highest common divisor of q and x.
23
Let a(x) = -x**2 - 16*x + 276. Let u be a(8). Suppose 3*m + 2*m + 50 = -t, 4*m - 226 = 3*t. Let f = u + t. Calculate the greatest common divisor of 154 and f.
14
Let y(a) = 3*a + 1. Let j be y(2). Let z be ((-427)/(-49) - j)/((-1)/28). Let i = -32 - z. What is the highest common factor of i and 64?
16
Suppose -29 = o - 0*o. Let k be ((-927)/(-6))/(-3) + 24/(-16). Let w = o - k. Calculate the highest common factor of 216 and w.
24
Suppose 418*f - 15666 = 341724. Suppose 15 = -0*y + y. Calculate the highest common divisor of y and f.
15
Let t = -205 + 205. Let q be (-1 - -4) + 0 + t. What is the greatest common divisor of 93 and q?
3
Suppose -22458*u + 6118 = -22412*u. Suppose -2*t = -y - 32, 0 = 5*y + 2 + 18. Calculate the greatest common factor of u and t.
7
Suppose -35*k + 227 + 4525 = k. What is the highest common factor of 462 and k?
66
Let r(g) = -16*g + 8. Let o be r(-3). Let i(w) = w**2 + 12*w - 17. Let d be (-71)/5 + (-12)/15. Let q be i(d). Calculate the greatest common divisor of q and o.
28
Let z be 15 - 19/(76/12). Calculate the highest common factor of 100 and z.
4
Let n = -16 + 26. Let f(s) = -29*s + 144. Let p be f(0). Let l be (p/15)/((-12)/(-100)). Calculate the greatest common divisor of l and n.
10
Suppose z + r = 6*r - 54, 180 = -5*z - 5*r. Let s = z + 37. Let y(l) = 20*l**2 - l - 2. Let i be y(s). Calculate the highest common factor of i and 20.
20
Let i = 27178 + -26955. What is the greatest common factor of 669 and i?
223
Let d = 8734 + -8719. Calculate the highest common factor of 20 and d.
5
Let s = 26929 + -26815. Calculate the greatest common divisor of 492 and s.
6
Suppose 45*f + 897 = 46*f. Let j = -833 + f. What is the highest common factor of 40 and j?
8
Suppose 5*q + 9 = 124. Let y(p) = -2 + 2*p - 8*p - 26*p**2 + 28*p**2 - q. Let t be y(8). What is the greatest common factor of t and 11?
11
Let i = -31 + 61. Let z be 1/((3 - 1)/i). Let b = 8457 + -8427. What is the highest common factor of b and z?
15
Let x(i) = -5*i - 63. Let d be x(-10). Let p(l) = l**3 + 11*l**2 - 24*l + 35. Let w be p(d). What is the highest common divisor of 81 and w?
9
Suppose -28*i + 13674 = 4*l - 25*i, i + 10262 = 3*l. What is the highest common divisor of l and 912?
228
Suppose -j - 3*d + 14 = 0, -5*j + 1151*d = 1152*d - 28. Let x be (2/(-3))/((-4)/30). Suppose 0*w = x*w - 25. What is the highest common factor of j and w?
5
Let x = 295 + -5. Suppose 5*i = 3*u + 733, -2*i + 3*u + x = 5*u. Let y = -110 + i. Calculate the greatest common divisor of y and 4.
4
Let p be (-240)/(-400) + (-754)/(-10). Let f be (3/4)/((-90)/(-80))*57. What is the highest common divisor of p and f?
38
Let k(m) = 5*m + 1. Let s be k(3). Let b be (-10 + 0)*s/(-10). Let r be 9976/156 + (-76)/(-1482). What is the greatest common factor of b and r?
16
Let c be 15/(6/2) + 2. Suppose -5*m - h = -720, 6*m - 4*h = c*m - 144. Calculate the greatest common factor of 16 and m.
16
Let t(j) = -j**2 + 6*j + 1. Let w be -2*4/(16/22). Let z = w + 13. Let d be t(z). What is the highest common divisor of 15 and d?
3
Suppose -4*a + 97 = -4*h - 63, 0 = 3*a + h - 140. What is the highest common factor of 10035 and a?
45
Suppose 2474 + 2398 = 173*r + 720. What is the greatest common divisor of r and 3468?
12
Let q(m) = -m**2 + 43*m - 217. Let n(g) = -2*g**2 + 85*g - 434. Let v(a) = -6*n(a) + 11*q(a). Let k be v(32). Calculate the highest common factor of k and 9.
3
Let n = 72 + -88. Let q(g) = 3*g + 80. Let t be q(n). Calculate the highest common factor of 8 and t.
8
Let p(q) = 9*q - 31. Let l be p(-26). Let o = l + 300. Let u(b) = -b**3 - 2*b**2 + 2*b + 4. Let x be u(-3). Calculate the greatest common divisor of o and x.
7
Let x(b) = -2*b**3 + 21*b**2 - 8*b + 25. Let g be x(10). What is the highest common factor of 387 and g?
9
Let t(x) be the first derivative of -x**2 + 72*x - 66. Let h be t(16). Calculate the highest common divisor of 280 and h.
40
Let d(w) = -w**2 + 4*w + 14. Let i be d(6). Let t be 4/(24/27)*i. What is the greatest common divisor of 261 and t?
9
Let k(i) = 37*i - 291 + 41*i + 341. Let x be k(5). What is the highest common divisor of 40 and x?
40
Suppose -3862 = -206*t + 192*t + 1038. Calculate the highest common factor of t and 225.
25
Let y(w) = 11*w**3 + 2. Let b be y(2). Let l be (-3)/1*(-6)/(-18). Let t = l - -11. What is the greatest common factor of t and b?
10
Let h(b) = 305*b**2 + 95*b + 270. Let t be h(-3). What is the highest common divisor of t and 2?
2
Suppose -8*x = 8*x - 6*x - 8350. What is the highest common factor of x and 20?
5
Let a be 260/8*6*1. Let q(i) = i**3 - i**2 - 62*i + 327. Let d be q(5). What is the highest common divisor of a and d?
39
Let z = 1532 - 844. Let r = z + -624. Calculate the greatest common factor of r and 40.
8
Suppose -28*n = -40*n + 132. Suppose 0 = n*o - 4*o - 189. Calculate the highest common factor of o and 2.
1
Let j = -60 + -23. Let y = -81 - j. Suppose -y*b - 10 = -198. What is the greatest common divisor of b and 235?
47
Let x(h) be the second derivative of 5*h**4/3 - 5*h**3/6 - 6*h**2 - 5*h. Let a be x(-2). Calculate the greatest common divisor of a and 104.
26
Suppose -8062*o + 8079*o - 3230 = 0. What is the greatest common divisor of 1216 and o?
38
Let f(u) = -u - 18. Let j be f(-21). Suppose 18 = 4*z - 3*r - 2*r, 0 = j*z + 3*r - 27. Let o = 43 - z. Calculate the greatest common factor of 48 and o.
12
Let t = 9381 - 9020. Calculate the greatest common factor of 1 and t.
1
Let m(r) = 3*r**3 + 4*r - 3. Let d be m(2). Let x be (-50)/(-420)*7 - (-169)/6. What is the highest common divisor of d and x?
29
Suppose -2*g + 3*w = -804, 4*g - 1544 = w - 3*w. What is the highest common divisor of g and 130?
130
Let f be (-17 + 1)*(-18)/4. Suppose -2*j = 2*r - 756, -8*j = -3*r - 6*j + 1129. Let z = -341 + r. What is the highest common factor of z and f?
36
Suppose 54 = -12*d + 18*d. Let y be 3/d + 1795/15 + -3. Let k(x) = -7*x - 1. Let t be k(-2). What is the highest common divisor of y and t?
13
Let q(f) = 11*f + 916. Let r be q(-47). Calculate the highest common factor of r and 42.
21
Suppose -67*g = -11090 - 6196. What is the greatest common factor of 2494 and g?
86
Suppose -d - 32931 = -22*d + 35634. What is the greatest common divisor of d and 55?
5
Let l(d) = 5*d**3 + 8*d**2 + 217*d - 1110. Let y be l(5). Calculate the highest common factor of 128 and y.
32
Suppose -80*s + 97*s = 1904. What is the highest common factor of s and 80?
16
Let x be (-1 - -1)/(-4) + (-25 - 1). Let r = 18 - x. Suppose 175*l - r = 171*l. What is the highest common factor of l and 99?
11
Let y be -12*(-8 + (1288/32)/7). Calculate the greatest common divisor of 2214 and y.
27
Suppose -2*f + 6 = 0, -4*f - 279 = 2*z - 5*z. Let h be -3 + (12 + -3)*9. Let a = z - h. Calculate the greatest common divisor of a and 133.
19
Suppose h + 3*h = 160. Let m be (h/6)/((-2)/(-6)). Suppose -13*k + 12*k + 220 = 0. Calculate the highest common factor of m and k.
20
Suppose 4*f = -11*f + 120. Suppose f*j + 4*j - 2904 = 0. What is the highest common factor of 66 and j?
22
Suppose -7387 = -12*b + 11009. What is the highest common factor of b and 84?
21
Let i = -6 - -1. Let y(s) = s**2 + 11*s + 4. Let w be y(i). Let p = -25 - w. What is the highest common divisor of 7 and p?
1
Let c be 693 + (196/2)/7. Calculate the greatest common divisor of c and 35.
7
Let k be 2/13 - 306/468 - 144623/(-2). What is the greatest commo